he greatest common factor of 56 and 287?
7
What is the highest common factor of 931 and 98?
49
What is the highest common factor of 77 and 21?
7
Calculate the greatest common divisor of 46 and 46.
46
Calculate the highest common factor of 148 and 37.
37
Calculate the highest common factor of 208 and 416.
208
What is the greatest common divisor of 1430 and 374?
22
Calculate the highest common factor of 3591 and 378.
189
What is the highest common divisor of 84 and 12?
12
What is the greatest common factor of 55 and 275?
55
What is the highest common divisor of 1426 and 92?
46
Calculate the highest common divisor of 12 and 696.
12
What is the greatest common divisor of 6777 and 27?
27
Calculate the highest common factor of 781 and 142.
71
Calculate the highest common divisor of 14 and 329.
7
What is the highest common divisor of 782 and 646?
34
What is the greatest common factor of 804 and 42?
6
What is the greatest common factor of 2250 and 270?
90
What is the greatest common divisor of 702 and 270?
54
What is the greatest common divisor of 19 and 2242?
19
What is the highest common factor of 455 and 35?
35
Calculate the highest common divisor of 60 and 19340.
20
What is the highest common divisor of 120 and 192?
24
What is the highest common divisor of 154 and 1232?
154
Calculate the greatest common factor of 754 and 58.
58
What is the highest common divisor of 2941 and 3287?
173
Calculate the greatest common factor of 49 and 1568.
49
What is the greatest common divisor of 1170 and 360?
90
Calculate the greatest common divisor of 377 and 22243.
377
What is the highest common divisor of 399 and 868?
7
Calculate the greatest common factor of 1 and 13.
1
What is the highest common factor of 118 and 10?
2
Calculate the greatest common factor of 72 and 234.
18
What is the greatest common divisor of 60 and 1458?
6
Calculate the highest common factor of 38 and 190.
38
Calculate the greatest common divisor of 72 and 128.
8
Calculate the greatest common factor of 22 and 3476.
22
Calculate the greatest common divisor of 752 and 235.
47
What is the greatest common factor of 2 and 8?
2
What is the highest common factor of 83 and 1411?
83
Calculate the greatest common divisor of 656 and 56.
8
Calculate the highest common factor of 36 and 48.
12
Calculate the highest common divisor of 805 and 455.
35
What is the greatest common factor of 85 and 2091?
17
What is the highest common divisor of 105 and 399?
21
What is the greatest common divisor of 72 and 29142?
18
Calculate the greatest common divisor of 420 and 30.
30
Calculate the greatest common factor of 144 and 171.
9
What is the greatest common factor of 22316 and 28?
28
Calculate the greatest common divisor of 1134 and 336.
42
What is the greatest common factor of 441 and 98?
49
Calculate the greatest common divisor of 1064 and 56.
56
Calculate the highest common factor of 1692 and 47.
47
What is the greatest common divisor of 6 and 102?
6
What is the greatest common divisor of 4347 and 28?
7
Calculate the greatest common divisor of 100 and 225.
25
Calculate the highest common divisor of 1802 and 34.
34
Calculate the greatest common factor of 1817 and 158.
79
Calculate the highest common divisor of 8094 and 1136.
142
What is the greatest common factor of 326 and 3749?
163
Calculate the highest common divisor of 10 and 150.
10
What is the highest common divisor of 1392 and 48?
48
What is the greatest common factor of 2232 and 72?
72
Calculate the greatest common factor of 60 and 2355.
15
Calculate the highest common divisor of 3107 and 104.
13
Calculate the highest common factor of 392 and 3626.
98
Calculate the highest common divisor of 646 and 272.
34
What is the greatest common factor of 425 and 68?
17
Calculate the highest common factor of 2 and 1318.
2
What is the highest common divisor of 508 and 5207?
127
Calculate the greatest common divisor of 13 and 12441.
13
What is the highest common factor of 522 and 725?
29
Calculate the highest common factor of 2120 and 80.
40
What is the highest common divisor of 7 and 553?
7
Calculate the highest common factor of 12 and 24.
12
Calculate the greatest common divisor of 77 and 19789.
77
Calculate the greatest common divisor of 200 and 225.
25
What is the greatest common factor of 4279 and 77?
11
Calculate the highest common divisor of 20 and 260.
20
What is the highest common factor of 270 and 486?
54
Calculate the highest common divisor of 18 and 5526.
18
Calculate the greatest common factor of 7 and 25.
1
Calculate the highest common factor of 342 and 456.
114
Calculate the highest common divisor of 4683 and 42.
21
What is the highest common factor of 1533 and 168?
21
Calculate the highest common factor of 908 and 8.
4
Calculate the greatest common divisor of 60 and 5900.
20
Calculate the highest common divisor of 37 and 925.
37
Calculate the greatest common divisor of 178 and 122.
2
Calculate the greatest common factor of 276 and 690.
138
Calculate the greatest common divisor of 20 and 30.
10
Calculate the greatest common divisor of 407 and 1739.
37
What is the highest common factor of 430 and 50?
10
Calculate the greatest common factor of 966 and 42.
42
Calculate the greatest common divisor of 273 and 1781.
13
Calculate the highest common divisor of 4 and 7508.
4
Calculate the greatest common factor of 329 and 63.
7
What is the highest common divisor of 1360 and 85?
85
What is the highest common divisor of 150 and 50?
50
What is the highest common factor of 8319 and 282?
141
Calculate the greatest common factor of 1793 and 297.
11
What is the greatest common factor of 3738 and 890?
178
Calculate the greatest common divisor of 225 and 180.
45
What is the greatest common factor of 6078 and 12?
6
What is the greatest common divisor of 120 and 150?
30
Calculate the highest common divisor of 36 and 828.
36
What is the highest common factor of 33 and 7?
1
Calculate the highest common factor of 56 and 525.
7
What is the greatest common divisor of 520 and 8450?
130
Calculate the highest common divisor of 595 and 175.
35
What is the greatest common divisor of 3514 and 28?
14
Calculate the greatest common factor of 4316 and 52.
52
What is the highest common factor of 40 and 140?
20
What is the highest common factor of 9675 and 45?
45
Calculate the highest common divisor of 490 and 28.
14
Calculate the highest common divisor of 255 and 27795.
255
Calculate the highest common divisor of 26 and 299.
13
Calculate the highest common factor of 145 and 29.
29
Calculate the greatest common factor of 14 and 5789.
7
What is the highest common divisor of 14 and 28?
14
What is the greatest common divisor of 648 and 117?
9
What is the highest common divisor of 40 and 350?
10
Calculate the highest common divisor of 219 and 11169.
219
Calculate the highest common divisor of 475 and 8740.
95
Calculate the greatest common factor of 13 and 1807.
13
Calculate the highest common factor of 100 and 350.
50
Calculate the greatest common factor of 132 and 2724.
12
What is the greatest common divisor of 8415 and 30?
15
What is the highest common factor of 1431 and 27?
27
What is the greatest common factor of 592 and 37?
37
Calculate the highest common divisor of 7 and 38353.
7
What is the greatest common divisor of 225 and 50?
25
Calculate the highest common factor of 253 and 4485.
23
Calculate the greatest common factor of 162 and 108.
54
Calculate the greatest common divisor of 6929 and 41.
41
What is the highest common divisor of 10471 and 74?
37
Calculate the greatest common divisor of 31 and 899.
31
Calculate the greatest common factor of 9 and 21.
3
Calculate the highest common factor of 297 and 81.
27
What is the greatest common factor of 168 and 816?
24
Calculate the greatest common factor of 168 and 588.
84
Calculate the greatest common divisor of 12 and 138.
6
Calculate the highest common divisor of 1463 and 133.
133
What is the greatest common factor of 60 and 720?
60
Calculate the highest common factor of 104 and 8.
8
What is the greatest common divisor of 306 and 72?
18
Calculate the greatest common factor of 155 and 186.
31
Calculate the highest common factor of 55 and 7645.
55
Calculate the greatest common factor of 45 and 120.
15
Calculate the greatest common factor 